{"id":37,"date":"2020-05-17T12:42:53","date_gmt":"2020-05-17T12:42:53","guid":{"rendered":"http:\/\/aquaresource.de\/?page_id=37"},"modified":"2023-10-07T09:21:40","modified_gmt":"2023-10-07T09:21:40","slug":"impressum","status":"publish","type":"page","link":"https:\/\/aquaresource.de\/?page_id=37","title":{"rendered":"Impressum"},"content":{"rendered":"\n<p><strong>ARI GmbH<\/strong><\/p>\n\n\n\n<p>Beierbachhof 1<br>66606 St. Wendel<br>Germany<\/p>\n\n\n\n<p><a href=\"mailto:info@aquaresource.de\">info@aquaresource.de<\/a><\/p>\n\n\n\n<p>Tel.: 0049 (0) 6851 5271<br>Fax.: 0049 (0) 6851 839343<\/p>\n\n\n\n<p>Gesch\u00e4ftsf\u00fchrer | Managing Director : G\u00fcnter Hell<\/p>\n\n\n\n<p>Amtsgericht Saarbr\u00fccken | District Court of Saarbr\u00fccken, HRB 19660<br>Umsatzsteuer-Ident. Nummer: DE297873839<\/p>\n\n\n\n<p> Copyright ARI GmbH 2020<\/p>\n","protected":false},"excerpt":{"rendered":"<p>ARI GmbH Beierbachhof 166606 St. WendelGermany info@aquaresource.de Tel.: 0049 (0) 6851 5271Fax.: 0049 (0) 6851 839343 Gesch\u00e4ftsf\u00fchrer | Managing Director : G\u00fcnter Hell Amtsgericht Saarbr\u00fccken | District Court of Saarbr\u00fccken, HRB 19660Umsatzsteuer-Ident. Nummer: DE297873839 Copyright ARI GmbH 2020<\/p>\n","protected":false},"author":1,"featured_media":0,"parent":16,"menu_order":0,"comment_status":"closed","ping_status":"closed","template":"","meta":{"footnotes":""},"class_list":["post-37","page","type-page","status-publish","hentry"],"_links":{"self":[{"href":"https:\/\/aquaresource.de\/index.php?rest_route=\/wp\/v2\/pages\/37","targetHints":{"allow":["GET"]}}],"collection":[{"href":"https:\/\/aquaresource.de\/index.php?rest_route=\/wp\/v2\/pages"}],"about":[{"href":"https:\/\/aquaresource.de\/index.php?rest_route=\/wp\/v2\/types\/page"}],"author":[{"embeddable":true,"href":"https:\/\/aquaresource.de\/index.php?rest_route=\/wp\/v2\/users\/1"}],"replies":[{"embeddable":true,"href":"https:\/\/aquaresource.de\/index.php?rest_route=%2Fwp%2Fv2%2Fcomments&post=37"}],"version-history":[{"count":5,"href":"https:\/\/aquaresource.de\/index.php?rest_route=\/wp\/v2\/pages\/37\/revisions"}],"predecessor-version":[{"id":274,"href":"https:\/\/aquaresource.de\/index.php?rest_route=\/wp\/v2\/pages\/37\/revisions\/274"}],"up":[{"embeddable":true,"href":"https:\/\/aquaresource.de\/index.php?rest_route=\/wp\/v2\/pages\/16"}],"wp:attachment":[{"href":"https:\/\/aquaresource.de\/index.php?rest_route=%2Fwp%2Fv2%2Fmedia&parent=37"}],"curies":[{"name":"wp","href":"https:\/\/api.w.org\/{rel}","templated":true}]}}